{"id":1059,"date":"2015-05-11T12:56:47","date_gmt":"2015-05-11T10:56:47","guid":{"rendered":"http:\/\/cppaderborn.educacion.navarra.es\/web\/?page_id=1059"},"modified":"2023-07-09T22:42:00","modified_gmt":"2023-07-09T20:42:00","slug":"manual-para-familias-uso-seguro-de-internet","status":"publish","type":"page","link":"https:\/\/cppaderborn.educacion.navarra.es\/web\/familias\/manual-para-familias-uso-seguro-de-internet\/","title":{"rendered":"Manual para familias Uso seguro de INTERNET"},"content":{"rendered":"\t\t<div data-elementor-type=\"wp-page\" data-elementor-id=\"1059\" class=\"elementor elementor-1059\" data-elementor-post-type=\"page\">\n\t\t\t\t\t\t\t\t\t<section class=\"elementor-section elementor-top-section elementor-element elementor-element-fe74b60 elementor-section-full_width elementor-section-height-default elementor-section-height-default\" data-id=\"fe74b60\" data-element_type=\"section\">\n\t\t\t\t\t\t<div class=\"elementor-container elementor-column-gap-default\">\n\t\t\t\t\t<div class=\"elementor-column elementor-col-100 elementor-top-column elementor-element elementor-element-ac4d103\" data-id=\"ac4d103\" data-element_type=\"column\">\n\t\t\t<div class=\"elementor-widget-wrap elementor-element-populated\">\n\t\t\t\t\t\t\t\t<div class=\"elementor-element elementor-element-751f95c elementor-widget elementor-widget-template\" data-id=\"751f95c\" data-element_type=\"widget\" data-widget_type=\"template.default\">\n\t\t\t\t<div class=\"elementor-widget-container\">\n\t\t\t\t\t<div class=\"elementor-template\">\n\t\t\t\t\t<div data-elementor-type=\"section\" data-elementor-id=\"5467\" class=\"elementor elementor-5467\" data-elementor-post-type=\"elementor_library\">\n\t\t\t\t\t\t\t\t<section class=\"elementor-section elementor-top-section elementor-element elementor-element-86e4351 elementor-section-full_width elementor-section-height-min-height elementor-section-height-default elementor-section-items-middle\" data-id=\"86e4351\" data-element_type=\"section\">\n\t\t\t\t\t\t\t<div class=\"elementor-background-overlay\"><\/div>\n\t\t\t\t\t\t\t<div class=\"elementor-container elementor-column-gap-default\">\n\t\t\t\t\t<div class=\"elementor-column elementor-col-100 elementor-top-column elementor-element elementor-element-49cdddb8\" data-id=\"49cdddb8\" data-element_type=\"column\">\n\t\t\t<div class=\"elementor-widget-wrap elementor-element-populated\">\n\t\t\t\t\t\t\t\t<div class=\"elementor-element elementor-element-621fd979 elementor-widget elementor-widget-heading\" data-id=\"621fd979\" data-element_type=\"widget\" data-widget_type=\"heading.default\">\n\t\t\t\t<div class=\"elementor-widget-container\">\n\t\t\t<h2 class=\"elementor-heading-title elementor-size-xl\">Familias<\/h2>\t\t<\/div>\n\t\t\t\t<\/div>\n\t\t\t\t\t<\/div>\n\t\t<\/div>\n\t\t\t\t\t\t\t<\/div>\n\t\t<\/section>\n\t\t\t\t\t\t<\/div>\n\t\t\t\t<\/div>\n\t\t\t\t<\/div>\n\t\t\t\t<\/div>\n\t\t\t\t\t<\/div>\n\t\t<\/div>\n\t\t\t\t\t\t\t<\/div>\n\t\t<\/section>\n\t\t\t\t<section class=\"elementor-section elementor-top-section elementor-element elementor-element-357e67cb elementor-section-boxed elementor-section-height-default elementor-section-height-default\" data-id=\"357e67cb\" data-element_type=\"section\">\n\t\t\t\t\t\t<div class=\"elementor-container elementor-column-gap-default\">\n\t\t\t\t\t<div class=\"elementor-column elementor-col-100 elementor-top-column elementor-element elementor-element-8623454\" data-id=\"8623454\" data-element_type=\"column\">\n\t\t\t<div class=\"elementor-widget-wrap elementor-element-populated\">\n\t\t\t\t\t\t\t\t<div class=\"elementor-element elementor-element-f552a54 elementor-widget elementor-widget-spacer\" data-id=\"f552a54\" data-element_type=\"widget\" data-widget_type=\"spacer.default\">\n\t\t\t\t<div class=\"elementor-widget-container\">\n\t\t\t\t\t<div class=\"elementor-spacer\">\n\t\t\t<div class=\"elementor-spacer-inner\"><\/div>\n\t\t<\/div>\n\t\t\t\t<\/div>\n\t\t\t\t<\/div>\n\t\t\t\t<div class=\"elementor-element elementor-element-dd5efa2 elementor-widget elementor-widget-heading\" data-id=\"dd5efa2\" data-element_type=\"widget\" data-widget_type=\"heading.default\">\n\t\t\t\t<div class=\"elementor-widget-container\">\n\t\t\t<h2 class=\"elementor-heading-title elementor-size-large\">Manual para familias Uso seguro de Internet\u200b<\/h2>\t\t<\/div>\n\t\t\t\t<\/div>\n\t\t\t\t<div class=\"elementor-element elementor-element-6ed7eefe elementor-widget elementor-widget-text-editor\" data-id=\"6ed7eefe\" data-element_type=\"widget\" data-widget_type=\"text-editor.default\">\n\t\t\t\t<div class=\"elementor-widget-container\">\n\t\t\t\t\t\t\tLa secci\u00f3n de Participaci\u00f3n Educativa, Atenci\u00f3n al Profesorado y Convivencia del Gobierno de Navarra y la Fundaci\u00f3n D\u00e9dalo &nbsp;han elaborado una gu\u00eda para familias sobre el uso seguro de Internet.\n\n<a href=\"http:\/\/www.educacion.navarra.es\/documents\/27590\/27720\/gu%C3%ADa+familias+internet+seguro\/4136f70f-88be-488c-949d-15c558649f80\">http:\/\/www.educacion.navarra.es\/documents\/27590\/27720\/gu%C3%ADa+familias+internet+seguro\/4136f70f-88be-488c-949d-15c558649f80<\/a>\t\t\t\t\t\t<\/div>\n\t\t\t\t<\/div>\n\t\t\t\t<div class=\"elementor-element elementor-element-0afc2ed elementor-widget elementor-widget-text-editor\" data-id=\"0afc2ed\" data-element_type=\"widget\" data-widget_type=\"text-editor.default\">\n\t\t\t\t<div class=\"elementor-widget-container\">\n\t\t\t\t\t\t\t<!-- wp:file {\"id\":4419,\"href\":\"https:\/\/cppaderborn.educacion.navarra.es\/web\/wp-content\/uploads\/2023\/07\/guia-familias-internet-seguro.pdf\",\"displayPreview\":true} -->\n<div class=\"wp-block-file\"><object class=\"wp-block-file__embed\" style=\"width: 100%; height: 600px;\" data=\"https:\/\/cppaderborn.educacion.navarra.es\/web\/wp-content\/uploads\/2023\/07\/guia-familias-internet-seguro.pdf\" type=\"application\/pdf\" width=\"300\" height=\"150\" aria-label=\"Incrustado de Manual para familias Uso seguro de Internet.\"><\/object><a id=\"wp-block-file--media-0d287cbb-1cf2-4da6-9b46-70dc550ccffe\" href=\"https:\/\/cppaderborn.educacion.navarra.es\/web\/wp-content\/uploads\/2023\/07\/guia-familias-internet-seguro.pdf\">Manual para familias Uso seguro de Internet<\/a><a class=\"wp-block-file__button\" href=\"https:\/\/cppaderborn.educacion.navarra.es\/web\/wp-content\/uploads\/2023\/07\/guia-familias-internet-seguro.pdf\" download=\"\" aria-describedby=\"wp-block-file--media-0d287cbb-1cf2-4da6-9b46-70dc550ccffe\">Descarga<\/a><\/div>\n<!-- \/wp:file -->\t\t\t\t\t\t<\/div>\n\t\t\t\t<\/div>\n\t\t\t\t<div class=\"elementor-element elementor-element-ea51921 elementor-widget elementor-widget-spacer\" data-id=\"ea51921\" data-element_type=\"widget\" data-widget_type=\"spacer.default\">\n\t\t\t\t<div class=\"elementor-widget-container\">\n\t\t\t\t\t<div class=\"elementor-spacer\">\n\t\t\t<div class=\"elementor-spacer-inner\"><\/div>\n\t\t<\/div>\n\t\t\t\t<\/div>\n\t\t\t\t<\/div>\n\t\t\t\t\t<\/div>\n\t\t<\/div>\n\t\t\t\t\t\t\t<\/div>\n\t\t<\/section>\n\t\t\t\t\t\t\t<\/div>\n\t\t","protected":false},"excerpt":{"rendered":"<p>Manual para familias Uso seguro de Internet\u200b La secci\u00f3n de Participaci\u00f3n Educativa, Atenci\u00f3n al Profesorado y Convivencia del Gobierno de Navarra y la Fundaci\u00f3n D\u00e9dalo &nbsp;han elaborado una gu\u00eda para familias sobre el uso seguro de Internet. http:\/\/www.educacion.navarra.es\/documents\/27590\/27720\/gu%C3%ADa+familias+internet+seguro\/4136f70f-88be-488c-949d-15c558649f80<\/p>\n","protected":false},"author":1,"featured_media":1060,"parent":165,"menu_order":0,"comment_status":"open","ping_status":"open","template":"elementor_header_footer","meta":{"_genesis_hide_title":false,"_genesis_hide_breadcrumbs":false,"_genesis_hide_singular_image":false,"_genesis_hide_footer_widgets":false,"_genesis_custom_body_class":"","_genesis_custom_post_class":"","_genesis_layout":"","jetpack_post_was_ever_published":false,"footnotes":""},"jetpack_sharing_enabled":false,"jetpack_likes_enabled":false,"_links":{"self":[{"href":"https:\/\/cppaderborn.educacion.navarra.es\/web\/wp-json\/wp\/v2\/pages\/1059"}],"collection":[{"href":"https:\/\/cppaderborn.educacion.navarra.es\/web\/wp-json\/wp\/v2\/pages"}],"about":[{"href":"https:\/\/cppaderborn.educacion.navarra.es\/web\/wp-json\/wp\/v2\/types\/page"}],"author":[{"embeddable":true,"href":"https:\/\/cppaderborn.educacion.navarra.es\/web\/wp-json\/wp\/v2\/users\/1"}],"replies":[{"embeddable":true,"href":"https:\/\/cppaderborn.educacion.navarra.es\/web\/wp-json\/wp\/v2\/comments?post=1059"}],"version-history":[{"count":26,"href":"https:\/\/cppaderborn.educacion.navarra.es\/web\/wp-json\/wp\/v2\/pages\/1059\/revisions"}],"predecessor-version":[{"id":5526,"href":"https:\/\/cppaderborn.educacion.navarra.es\/web\/wp-json\/wp\/v2\/pages\/1059\/revisions\/5526"}],"up":[{"embeddable":true,"href":"https:\/\/cppaderborn.educacion.navarra.es\/web\/wp-json\/wp\/v2\/pages\/165"}],"wp:featuredmedia":[{"embeddable":true,"href":"https:\/\/cppaderborn.educacion.navarra.es\/web\/wp-json\/wp\/v2\/media\/1060"}],"wp:attachment":[{"href":"https:\/\/cppaderborn.educacion.navarra.es\/web\/wp-json\/wp\/v2\/media?parent=1059"}],"curies":[{"name":"wp","href":"https:\/\/api.w.org\/{rel}","templated":true}]}}