{"id":2580,"date":"2020-10-20T13:15:57","date_gmt":"2020-10-20T11:15:57","guid":{"rendered":"http:\/\/cppaderborn.educacion.navarra.es\/web\/?page_id=2580"},"modified":"2020-10-20T13:15:58","modified_gmt":"2020-10-20T11:15:58","slug":"manual-aula-virtual-santillana","status":"publish","type":"page","link":"https:\/\/cppaderborn.educacion.navarra.es\/web\/manual-aula-virtual-santillana\/","title":{"rendered":"Manual Aula Virtual Santillana"},"content":{"rendered":"\n<p>La editorial Santillana nos ha ofrecido utilizar su Aula Virtual de forma totalmente gratuita. El enlace es:<\/p>\n\n\n\n<h3 class=\"wp-block-heading\"><a href=\"http:\/\/aulavirtual.santillana.es\/\" target=\"_blank\" rel=\"noreferrer noopener\">http:\/\/aulavirtual.santillana.es\/<\/a><\/h3>\n\n\n\n<p>Aula Virtual Santillana es una aplicaci\u00f3n que permite crear un entorno de trabajo digital en el aula, y que ha sido especialmente dise\u00f1ada para proporcionar al profesorado y al alumnado todos los elementos necesarios para aprovechar las ventajas de las TIC en el proceso de ense\u00f1anza \u2013 aprendizaje.<\/p>\n\n\n\n<h3 class=\"wp-block-heading\">IMPORTANTE: Se ha facilitado a cada estudiante un documento con las claves de acceso.\u00a0\u00a0En caso de que no las tengan, por favor, se pongan en contacto directamente con el tutor o tutora quien las puede recordar. Gracias.<\/h3>\n\n\n\n<p><\/p>\n\n\n\n<h2 class=\"wp-block-heading\">Manual de uso<\/h2>\n\n\n\n<p>En nuestro centro trabajamos con las cuentas de Educaci\u00f3n (del tipo @educacion.navarra.es) que son de Google. Es por ello que de la p\u00e1gina 7 a la 11, en principio, no tiene efecto para nosotros y nosotras. Tambi\u00e9n hay informaci\u00f3n para el profesorado.<\/p>\n\n\n<a href=\"https:\/\/cppaderborn.educacion.navarra.es\/web\/wp-content\/uploads\/2020\/10\/Aula-Virtual-Guia-Google-Classroom.pdf\" class=\"pdfemb-viewer\" style=\"\" data-width=\"max\" data-height=\"max\" data-toolbar=\"bottom\" data-toolbar-fixed=\"off\">Aula-Virtual-Guia-Google-Classroom<\/a>\n<p class=\"wp-block-pdfemb-pdf-embedder-viewer\"><\/p>\n\n\n\n<div class=\"wp-block-file\"><a href=\"https:\/\/cppaderborn.educacion.navarra.es\/web\/wp-content\/uploads\/2020\/10\/Aula-Virtual-Guia-Google-Classroom.pdf\">Aula Virtual &#8211; Guia Google Classroom<\/a><a href=\"https:\/\/cppaderborn.educacion.navarra.es\/web\/wp-content\/uploads\/2020\/10\/Aula-Virtual-Guia-Google-Classroom.pdf\" class=\"wp-block-file__button\" download>Descarga<\/a><\/div>\n\n\n\n<p><\/p>\n","protected":false},"excerpt":{"rendered":"<p>La editorial Santillana nos ha ofrecido utilizar su Aula Virtual de forma totalmente gratuita. El enlace es: http:\/\/aulavirtual.santillana.es\/ Aula Virtual Santillana es una aplicaci\u00f3n que permite crear un entorno de trabajo digital en el aula, y que ha sido especialmente dise\u00f1ada para proporcionar al profesorado y al alumnado todos los elementos necesarios para aprovechar las [&hellip;]<\/p>\n","protected":false},"author":3,"featured_media":0,"parent":0,"menu_order":0,"comment_status":"closed","ping_status":"closed","template":"","meta":{"_genesis_hide_title":false,"_genesis_hide_breadcrumbs":false,"_genesis_hide_singular_image":false,"_genesis_hide_footer_widgets":false,"_genesis_custom_body_class":"","_genesis_custom_post_class":"","_genesis_layout":"","jetpack_post_was_ever_published":false,"footnotes":""},"jetpack_sharing_enabled":true,"jetpack_likes_enabled":true,"_links":{"self":[{"href":"https:\/\/cppaderborn.educacion.navarra.es\/web\/wp-json\/wp\/v2\/pages\/2580"}],"collection":[{"href":"https:\/\/cppaderborn.educacion.navarra.es\/web\/wp-json\/wp\/v2\/pages"}],"about":[{"href":"https:\/\/cppaderborn.educacion.navarra.es\/web\/wp-json\/wp\/v2\/types\/page"}],"author":[{"embeddable":true,"href":"https:\/\/cppaderborn.educacion.navarra.es\/web\/wp-json\/wp\/v2\/users\/3"}],"replies":[{"embeddable":true,"href":"https:\/\/cppaderborn.educacion.navarra.es\/web\/wp-json\/wp\/v2\/comments?post=2580"}],"version-history":[{"count":1,"href":"https:\/\/cppaderborn.educacion.navarra.es\/web\/wp-json\/wp\/v2\/pages\/2580\/revisions"}],"predecessor-version":[{"id":2582,"href":"https:\/\/cppaderborn.educacion.navarra.es\/web\/wp-json\/wp\/v2\/pages\/2580\/revisions\/2582"}],"wp:attachment":[{"href":"https:\/\/cppaderborn.educacion.navarra.es\/web\/wp-json\/wp\/v2\/media?parent=2580"}],"curies":[{"name":"wp","href":"https:\/\/api.w.org\/{rel}","templated":true}]}}