{"id":7336,"date":"2025-11-25T15:08:44","date_gmt":"2025-11-25T14:08:44","guid":{"rendered":"https:\/\/cppaderborn.educacion.navarra.es\/web\/?page_id=7336"},"modified":"2025-11-27T15:29:53","modified_gmt":"2025-11-27T14:29:53","slug":"jornadas-de-puertas-abiertas","status":"publish","type":"page","link":"https:\/\/cppaderborn.educacion.navarra.es\/web\/inicio\/jornadas-de-puertas-abiertas\/","title":{"rendered":"Jornadas de puertas abiertas"},"content":{"rendered":"\t\t<div data-elementor-type=\"wp-page\" data-elementor-id=\"7336\" class=\"elementor elementor-7336\" data-elementor-post-type=\"page\">\n\t\t\t\t\t\t\t\t\t<section class=\"elementor-section elementor-top-section elementor-element elementor-element-47adf90 elementor-section-full_width elementor-section-height-default elementor-section-height-default\" data-id=\"47adf90\" data-element_type=\"section\">\n\t\t\t\t\t\t<div class=\"elementor-container elementor-column-gap-default\">\n\t\t\t\t\t<div class=\"elementor-column elementor-col-100 elementor-top-column elementor-element elementor-element-c40cb1a\" data-id=\"c40cb1a\" data-element_type=\"column\">\n\t\t\t<div class=\"elementor-widget-wrap elementor-element-populated\">\n\t\t\t\t\t\t\t\t<div class=\"elementor-element elementor-element-500e9e7 elementor-widget elementor-widget-text-editor\" data-id=\"500e9e7\" data-element_type=\"widget\" data-widget_type=\"text-editor.default\">\n\t\t\t\t<div class=\"elementor-widget-container\">\n\t\t\t\t\t\t\t\t\t<div data-elementor-type=\"section\" data-elementor-id=\"5415\" class=\"elementor elementor-5415\" data-elementor-post-type=\"elementor_library\">\n\t\t\t\t\t\t\t\t<section class=\"elementor-section elementor-top-section elementor-element elementor-element-59c9699f elementor-section-full_width elementor-section-height-min-height elementor-section-height-default elementor-section-items-middle\" data-id=\"59c9699f\" data-element_type=\"section\">\n\t\t\t\t\t\t\t<div class=\"elementor-background-overlay\"><\/div>\n\t\t\t\t\t\t\t<div class=\"elementor-container elementor-column-gap-default\">\n\t\t\t\t\t<div class=\"elementor-column elementor-col-100 elementor-top-column elementor-element elementor-element-75c6bb0\" data-id=\"75c6bb0\" data-element_type=\"column\">\n\t\t\t<div class=\"elementor-widget-wrap elementor-element-populated\">\n\t\t\t\t\t\t\t\t<div class=\"elementor-element elementor-element-55375177 elementor-widget elementor-widget-heading\" data-id=\"55375177\" data-element_type=\"widget\" data-widget_type=\"heading.default\">\n\t\t\t\t<div class=\"elementor-widget-container\">\n\t\t\t<h2 class=\"elementor-heading-title elementor-size-xl\">El colegio<\/h2>\t\t<\/div>\n\t\t\t\t<\/div>\n\t\t\t\t\t<\/div>\n\t\t<\/div>\n\t\t\t\t\t\t\t<\/div>\n\t\t<\/section>\n\t\t\t\t\t\t<\/div>\n\t\t\t\t\t\t\t\t<\/div>\n\t\t\t\t<\/div>\n\t\t\t\t\t<\/div>\n\t\t<\/div>\n\t\t\t\t\t\t\t<\/div>\n\t\t<\/section>\n\t\t\t\t<section class=\"elementor-section elementor-top-section elementor-element elementor-element-183ee12 elementor-section-boxed elementor-section-height-default elementor-section-height-default\" data-id=\"183ee12\" data-element_type=\"section\">\n\t\t\t\t\t\t<div class=\"elementor-container elementor-column-gap-default\">\n\t\t\t\t\t<div class=\"elementor-column elementor-col-100 elementor-top-column elementor-element elementor-element-132bf7f\" data-id=\"132bf7f\" data-element_type=\"column\">\n\t\t\t<div class=\"elementor-widget-wrap elementor-element-populated\">\n\t\t\t\t\t\t\t\t<div class=\"elementor-element elementor-element-fd8b553 elementor-widget elementor-widget-spacer\" data-id=\"fd8b553\" data-element_type=\"widget\" data-widget_type=\"spacer.default\">\n\t\t\t\t<div class=\"elementor-widget-container\">\n\t\t\t\t\t<div class=\"elementor-spacer\">\n\t\t\t<div class=\"elementor-spacer-inner\"><\/div>\n\t\t<\/div>\n\t\t\t\t<\/div>\n\t\t\t\t<\/div>\n\t\t\t\t<div class=\"elementor-element elementor-element-2f2f4d9 elementor-widget elementor-widget-heading\" data-id=\"2f2f4d9\" data-element_type=\"widget\" data-widget_type=\"heading.default\">\n\t\t\t\t<div class=\"elementor-widget-container\">\n\t\t\t<h2 class=\"elementor-heading-title elementor-size-large\">Jornadas de puertas abiertas para el pr\u00f3ximo curso<\/h2>\t\t<\/div>\n\t\t\t\t<\/div>\n\t\t\t\t\t<\/div>\n\t\t<\/div>\n\t\t\t\t\t\t\t<\/div>\n\t\t<\/section>\n\t\t\t\t<section class=\"elementor-section elementor-top-section elementor-element elementor-element-8c4edd0 elementor-section-boxed elementor-section-height-default elementor-section-height-default\" data-id=\"8c4edd0\" data-element_type=\"section\">\n\t\t\t\t\t\t<div class=\"elementor-container elementor-column-gap-default\">\n\t\t\t\t\t<div class=\"elementor-column elementor-col-100 elementor-top-column elementor-element elementor-element-e15e74f\" data-id=\"e15e74f\" data-element_type=\"column\">\n\t\t\t<div class=\"elementor-widget-wrap elementor-element-populated\">\n\t\t\t\t\t\t\t\t<div class=\"elementor-element elementor-element-5e6586c elementor-widget elementor-widget-spacer\" data-id=\"5e6586c\" data-element_type=\"widget\" data-widget_type=\"spacer.default\">\n\t\t\t\t<div class=\"elementor-widget-container\">\n\t\t\t\t\t<div class=\"elementor-spacer\">\n\t\t\t<div class=\"elementor-spacer-inner\"><\/div>\n\t\t<\/div>\n\t\t\t\t<\/div>\n\t\t\t\t<\/div>\n\t\t\t\t<div class=\"elementor-element elementor-element-cca9897 elementor-widget elementor-widget-heading\" data-id=\"cca9897\" data-element_type=\"widget\" data-widget_type=\"heading.default\">\n\t\t\t\t<div class=\"elementor-widget-container\">\n\t\t\t<h2 class=\"elementor-heading-title elementor-size-default\">\u00bfCu\u00e1ndo se van a celebrar y d\u00f3nde me inscribo?<\/h2>\t\t<\/div>\n\t\t\t\t<\/div>\n\t\t\t\t<div class=\"elementor-element elementor-element-8819bf8 elementor-widget elementor-widget-text-editor\" data-id=\"8819bf8\" data-element_type=\"widget\" data-widget_type=\"text-editor.default\">\n\t\t\t\t<div class=\"elementor-widget-container\">\n\t\t\t\t\t\t\t<p><!-- wp:heading --><\/p><h2><span style=\"color: #008000;\">Mi\u00e9rcoles, 4 de febrero de 2026, a las 17:00 horas Modelo D<\/span><\/h2><h2><span style=\"color: #000080;\">Jueves, 5 de febrero de 2026, a las 17:00 horas Modelo G-PAL<\/span><\/h2><div><p><span style=\"color: var( --e-global-color-text ); font-family: var( --e-global-typography-text-font-family ), Sans-serif; font-weight: var( --e-global-typography-text-font-weight );\">En las fechas y horas indicadas arriba, nuestro centro celebrar\u00e1 <\/span><strong style=\"color: var( --e-global-color-text ); font-family: var( --e-global-typography-text-font-family ), Sans-serif;\">sesiones de puertas abiertas presenciales\u00a0<\/strong><span style=\"color: var( --e-global-color-text ); font-family: var( --e-global-typography-text-font-family ), Sans-serif; font-weight: var( --e-global-typography-text-font-weight );\">en las que daremos a conocer a las futuras familias nuestro proyecto educativo e informaci\u00f3n para el curso pr\u00f3ximo.<\/span><\/p><\/div><p><!-- \/wp:paragraph --><\/p><p><!-- wp:image {\"align\":\"center\",\"id\":3768,\"sizeSlug\":\"full\",\"linkDestination\":\"custom\"} --><\/p><div><figure><a href=\"https:\/\/docs.google.com\/forms\/d\/e\/1FAIpQLSc-jIQTwhSI_tcumImY1TvyiAGfM73h7_JLy7zFtAKvUJGx5g\/viewform?usp=header\" target=\"_blank\" rel=\"noopener\"><img decoding=\"async\" src=\"https:\/\/cppaderborn.educacion.navarra.es\/web\/wp-content\/uploads\/2022\/01\/inscribete-aqui.png\" alt=\"\" \/><\/a><p><a href=\"https:\/\/docs.google.com\/forms\/d\/e\/1FAIpQLSc-jIQTwhSI_tcumImY1TvyiAGfM73h7_JLy7zFtAKvUJGx5g\/viewform?usp=header\" target=\"_blank\" rel=\"noopener\">Para asistir, por favor, ap\u00fantate para controlar el aforo. Gracias.<\/a><\/p><\/figure><\/div><p><!-- \/wp:list --><\/p>\t\t\t\t\t\t<\/div>\n\t\t\t\t<\/div>\n\t\t\t\t<div class=\"elementor-element elementor-element-47888d2 elementor-widget elementor-widget-image\" data-id=\"47888d2\" data-element_type=\"widget\" data-widget_type=\"image.default\">\n\t\t\t\t<div class=\"elementor-widget-container\">\n\t\t\t\t\t\t\t\t\t\t\t\t\t\t\t<img fetchpriority=\"high\" decoding=\"async\" width=\"1024\" height=\"721\" src=\"https:\/\/cppaderborn.educacion.navarra.es\/web\/wp-content\/uploads\/2025\/11\/1-1024x721.jpg\" class=\"attachment-large size-large wp-image-7308\" alt=\"\" srcset=\"https:\/\/cppaderborn.educacion.navarra.es\/web\/wp-content\/uploads\/2025\/11\/1-1024x721.jpg 1024w, https:\/\/cppaderborn.educacion.navarra.es\/web\/wp-content\/uploads\/2025\/11\/1-300x211.jpg 300w, https:\/\/cppaderborn.educacion.navarra.es\/web\/wp-content\/uploads\/2025\/11\/1-768x541.jpg 768w, https:\/\/cppaderborn.educacion.navarra.es\/web\/wp-content\/uploads\/2025\/11\/1-1536x1082.jpg 1536w, https:\/\/cppaderborn.educacion.navarra.es\/web\/wp-content\/uploads\/2025\/11\/1.jpg 2000w\" sizes=\"(max-width: 1024px) 100vw, 1024px\" \/>\t\t\t\t\t\t\t\t\t\t\t\t\t\t\t<\/div>\n\t\t\t\t<\/div>\n\t\t\t\t<div class=\"elementor-element elementor-element-f064d6c elementor-widget elementor-widget-image\" data-id=\"f064d6c\" data-element_type=\"widget\" data-widget_type=\"image.default\">\n\t\t\t\t<div class=\"elementor-widget-container\">\n\t\t\t\t\t\t\t\t\t\t\t\t\t\t\t<img decoding=\"async\" width=\"1024\" height=\"721\" src=\"https:\/\/cppaderborn.educacion.navarra.es\/web\/wp-content\/uploads\/2025\/11\/2-1024x721.jpg\" class=\"attachment-large size-large wp-image-7309\" alt=\"\" srcset=\"https:\/\/cppaderborn.educacion.navarra.es\/web\/wp-content\/uploads\/2025\/11\/2-1024x721.jpg 1024w, https:\/\/cppaderborn.educacion.navarra.es\/web\/wp-content\/uploads\/2025\/11\/2-300x211.jpg 300w, https:\/\/cppaderborn.educacion.navarra.es\/web\/wp-content\/uploads\/2025\/11\/2-768x541.jpg 768w, https:\/\/cppaderborn.educacion.navarra.es\/web\/wp-content\/uploads\/2025\/11\/2-1536x1082.jpg 1536w, https:\/\/cppaderborn.educacion.navarra.es\/web\/wp-content\/uploads\/2025\/11\/2.jpg 2000w\" sizes=\"(max-width: 1024px) 100vw, 1024px\" \/>\t\t\t\t\t\t\t\t\t\t\t\t\t\t\t<\/div>\n\t\t\t\t<\/div>\n\t\t\t\t\t<\/div>\n\t\t<\/div>\n\t\t\t\t\t\t\t<\/div>\n\t\t<\/section>\n\t\t\t\t<section class=\"elementor-section elementor-top-section elementor-element elementor-element-851b3d1 elementor-section-boxed elementor-section-height-default elementor-section-height-default\" data-id=\"851b3d1\" data-element_type=\"section\">\n\t\t\t\t\t\t<div class=\"elementor-container elementor-column-gap-default\">\n\t\t\t\t\t<div class=\"elementor-column elementor-col-100 elementor-top-column elementor-element elementor-element-fb1cdbb\" data-id=\"fb1cdbb\" data-element_type=\"column\">\n\t\t\t<div class=\"elementor-widget-wrap elementor-element-populated\">\n\t\t\t\t\t\t\t\t<div class=\"elementor-element elementor-element-003a280 elementor-widget elementor-widget-heading\" data-id=\"003a280\" data-element_type=\"widget\" data-widget_type=\"heading.default\">\n\t\t\t\t<div class=\"elementor-widget-container\">\n\t\t\t<h2 class=\"elementor-heading-title elementor-size-default\">Contenido de la sesi\u00f3n presencial<\/h2>\t\t<\/div>\n\t\t\t\t<\/div>\n\t\t\t\t<div class=\"elementor-element elementor-element-94c51a0 elementor-widget elementor-widget-text-editor\" data-id=\"94c51a0\" data-element_type=\"widget\" data-widget_type=\"text-editor.default\">\n\t\t\t\t<div class=\"elementor-widget-container\">\n\t\t\t\t\t\t\t<p>17:00. Saludo desde Direcci\u00f3n y presentaci\u00f3n del equipo docente.<\/p><p><!-- \/wp:paragraph --><\/p><p><!-- wp:paragraph --><\/p><p>17:10. Presentaci\u00f3n del proyecto educativo de centro.<\/p><p><!-- \/wp:paragraph --><\/p><p><!-- wp:paragraph --><\/p><p>18:00. APYMA y las actividades que gestiona.<\/p><p><!-- \/wp:paragraph --><\/p><p><!-- wp:paragraph --><\/p><p>18:20. Ruegos y preguntas.<\/p>\t\t\t\t\t\t<\/div>\n\t\t\t\t<\/div>\n\t\t\t\t\t<\/div>\n\t\t<\/div>\n\t\t\t\t\t\t\t<\/div>\n\t\t<\/section>\n\t\t\t\t<section class=\"elementor-section elementor-top-section elementor-element elementor-element-ba9b24d elementor-section-boxed elementor-section-height-default elementor-section-height-default\" data-id=\"ba9b24d\" data-element_type=\"section\">\n\t\t\t\t\t\t<div class=\"elementor-container elementor-column-gap-default\">\n\t\t\t\t\t<div class=\"elementor-column elementor-col-100 elementor-top-column elementor-element elementor-element-a7ac850\" data-id=\"a7ac850\" data-element_type=\"column\">\n\t\t\t<div class=\"elementor-widget-wrap elementor-element-populated\">\n\t\t\t\t\t\t\t\t<div class=\"elementor-element elementor-element-3b73c15 elementor-widget elementor-widget-heading\" data-id=\"3b73c15\" data-element_type=\"widget\" data-widget_type=\"heading.default\">\n\t\t\t\t<div class=\"elementor-widget-container\">\n\t\t\t<h2 class=\"elementor-heading-title elementor-size-default\">V\u00eddeos promocionales<\/h2>\t\t<\/div>\n\t\t\t\t<\/div>\n\t\t\t\t<div class=\"elementor-element elementor-element-b0aed47 elementor-widget elementor-widget-video\" data-id=\"b0aed47\" data-element_type=\"widget\" data-settings=\"{&quot;youtube_url&quot;:&quot;https:\\\/\\\/youtu.be\\\/IQ6A2OTVF_w&quot;,&quot;video_type&quot;:&quot;youtube&quot;,&quot;controls&quot;:&quot;yes&quot;}\" data-widget_type=\"video.default\">\n\t\t\t\t<div class=\"elementor-widget-container\">\n\t\t\t\t\t<div class=\"elementor-wrapper elementor-open-inline\">\n\t\t\t<div class=\"elementor-video\"><\/div>\t\t<\/div>\n\t\t\t\t<\/div>\n\t\t\t\t<\/div>\n\t\t\t\t<div class=\"elementor-element elementor-element-e63396d elementor-widget elementor-widget-video\" data-id=\"e63396d\" data-element_type=\"widget\" data-settings=\"{&quot;youtube_url&quot;:&quot;https:\\\/\\\/youtu.be\\\/-DmKgILk2Ok&quot;,&quot;video_type&quot;:&quot;youtube&quot;,&quot;controls&quot;:&quot;yes&quot;}\" data-widget_type=\"video.default\">\n\t\t\t\t<div class=\"elementor-widget-container\">\n\t\t\t\t\t<div class=\"elementor-wrapper elementor-open-inline\">\n\t\t\t<div class=\"elementor-video\"><\/div>\t\t<\/div>\n\t\t\t\t<\/div>\n\t\t\t\t<\/div>\n\t\t\t\t\t<\/div>\n\t\t<\/div>\n\t\t\t\t\t\t\t<\/div>\n\t\t<\/section>\n\t\t\t\t<section class=\"elementor-section elementor-top-section elementor-element elementor-element-adf17b5 elementor-section-boxed elementor-section-height-default elementor-section-height-default\" data-id=\"adf17b5\" data-element_type=\"section\">\n\t\t\t\t\t\t<div class=\"elementor-container elementor-column-gap-default\">\n\t\t\t\t\t<div class=\"elementor-column elementor-col-100 elementor-top-column elementor-element elementor-element-07a56a6\" data-id=\"07a56a6\" data-element_type=\"column\">\n\t\t\t<div class=\"elementor-widget-wrap elementor-element-populated\">\n\t\t\t\t\t\t\t\t<div class=\"elementor-element elementor-element-b4de38f elementor-widget elementor-widget-heading\" data-id=\"b4de38f\" data-element_type=\"widget\" data-widget_type=\"heading.default\">\n\t\t\t\t<div class=\"elementor-widget-container\">\n\t\t\t<h2 class=\"elementor-heading-title elementor-size-default\">Testimonios de las familias<\/h2>\t\t<\/div>\n\t\t\t\t<\/div>\n\t\t\t\t<div class=\"elementor-element elementor-element-17e6e18 elementor-widget elementor-widget-text-editor\" data-id=\"17e6e18\" data-element_type=\"widget\" data-widget_type=\"text-editor.default\">\n\t\t\t\t<div class=\"elementor-widget-container\">\n\t\t\t\t\t\t\t<!-- wp:paragraph -->\n\n<a href=\"https:\/\/www.apymapaderborn.com\/testimonios\/\" target=\"_blank\" rel=\"noopener\">Enlace a la p\u00e1gina web<\/a> de la APYMA Paderborn con testimonios de algunas de las las familias que la componen:\n\n<a href=\"https:\/\/www.apymapaderborn.com\/testimonios\/\" target=\"_blank\" rel=\"noopener\">Testimonios &#8211; APYMA Paderborn<\/a>\n\n<!-- \/wp:paragraph -->\n\n\t\t\t\t\t\t<\/div>\n\t\t\t\t<\/div>\n\t\t\t\t\t<\/div>\n\t\t<\/div>\n\t\t\t\t\t\t\t<\/div>\n\t\t<\/section>\n\t\t\t\t<section class=\"elementor-section elementor-top-section elementor-element elementor-element-6326e02 elementor-section-boxed elementor-section-height-default elementor-section-height-default\" data-id=\"6326e02\" data-element_type=\"section\">\n\t\t\t\t\t\t<div class=\"elementor-container elementor-column-gap-default\">\n\t\t\t\t\t<div class=\"elementor-column elementor-col-100 elementor-top-column elementor-element elementor-element-d16ddb4\" data-id=\"d16ddb4\" data-element_type=\"column\">\n\t\t\t<div class=\"elementor-widget-wrap elementor-element-populated\">\n\t\t\t\t\t\t\t\t<div class=\"elementor-element elementor-element-c2ea2d4 elementor-widget elementor-widget-heading\" data-id=\"c2ea2d4\" data-element_type=\"widget\" data-widget_type=\"heading.default\">\n\t\t\t\t<div class=\"elementor-widget-container\">\n\t\t\t<h2 class=\"elementor-heading-title elementor-size-default\">Preguntas frecuentes<\/h2>\t\t<\/div>\n\t\t\t\t<\/div>\n\t\t\t\t<div class=\"elementor-element elementor-element-c043b46 elementor-widget elementor-widget-text-editor\" data-id=\"c043b46\" data-element_type=\"widget\" data-widget_type=\"text-editor.default\">\n\t\t\t\t<div class=\"elementor-widget-container\">\n\t\t\t\t\t\t\t<p><!-- wp:heading --><\/p><p><!-- \/wp:heading --><\/p><p><!-- wp:list --><\/p><ul><li><strong>\u00bfQu\u00e9 modelos ling\u00fc\u00edsticos tiene el centro? <\/strong>El centro tiene dos l\u00edneas desde infantil hasta primaria en <strong>modelo G PAL<\/strong>, biling\u00fce castellano-alem\u00e1n, con ingl\u00e9s, y una l\u00ednea de\u00a0<strong>modelo D <\/strong>en la etapa infantil. iniciada en el curso 2024-2025.<\/li><li><strong>\u00bfQu\u00e9 periodo habr\u00e1 de prematr\u00edcula?<\/strong> Todav\u00eda no se han publicado fechas. El curso pasado fue en marzo.<\/li><li><strong>\u00bfQu\u00e9 es necesario para realizar la prematr\u00edcula? <\/strong>En la <a href=\"https:\/\/www.educacion.navarra.es\/web\/dpto\/escolarizacion\" target=\"_blank\" rel=\"noreferrer noopener\">p\u00e1gina de Escolarizaci\u00f3n del Departamento de Educaci\u00f3n<\/a> encontrar\u00e1 toda la informaci\u00f3n al respecto.<\/li><li><strong>\u00bfQu\u00e9 jornada escolar tiene el centro?<\/strong> Tenemos jornada partida, con horario habitual de 9:00 a 12:50 y de 14:50 a 16:30 los lunes, martes, mi\u00e9rcoles y jueves. Los viernes se sale a las 13:00 horas.<\/li><li><strong>\u00bfSe organizan actividades extraescolares? <\/strong>S\u00ed, las organiza la APYMA Paderborn del centro.<\/li><li><strong>\u00bfHay servicio de aula matinal, transporte y comedor?<\/strong> Igualmente, son servicios organizados por la APYMA Paderborn. <a href=\"https:\/\/www.apymapaderborn.com\/\" target=\"_blank\" rel=\"noreferrer noopener\">M\u00e1s informaci\u00f3n en su p\u00e1gina web<\/a>.<\/li><li><strong>\u00bfHay periodo de adaptaci\u00f3n del nuevo alumnado de 3 a\u00f1os? <\/strong>S\u00ed, realizamos una adaptaci\u00f3n en las 2 primeras semanas de curso flexibilizando el horario entre otras caracter\u00edsticas.<\/li><li><strong>\u00bfC\u00f3mo puedo contactar con el centro para transmitir mis dudas?<\/strong> Mediante el <a href=\"https:\/\/docs.google.com\/forms\/d\/e\/1FAIpQLSe0lCRch_JZIaM5pADUrU2tA6shkKRF2E2Y0HtEIhkdOU0_rg\/viewform\" target=\"_blank\" rel=\"noreferrer noopener\">formulario que encontrar\u00e1n el el siguiente enlace<\/a>.<\/li><\/ul><p><!-- \/wp:list --><\/p>\t\t\t\t\t\t<\/div>\n\t\t\t\t<\/div>\n\t\t\t\t\t<\/div>\n\t\t<\/div>\n\t\t\t\t\t\t\t<\/div>\n\t\t<\/section>\n\t\t\t\t<section class=\"elementor-section elementor-top-section elementor-element elementor-element-2675e01 elementor-section-boxed elementor-section-height-default elementor-section-height-default\" data-id=\"2675e01\" data-element_type=\"section\">\n\t\t\t\t\t\t<div class=\"elementor-container elementor-column-gap-default\">\n\t\t\t\t\t<div class=\"elementor-column elementor-col-100 elementor-top-column elementor-element elementor-element-d3327a1\" data-id=\"d3327a1\" data-element_type=\"column\">\n\t\t\t<div class=\"elementor-widget-wrap elementor-element-populated\">\n\t\t\t\t\t\t\t\t<div class=\"elementor-element elementor-element-2afee68 elementor-widget elementor-widget-heading\" data-id=\"2afee68\" data-element_type=\"widget\" data-widget_type=\"heading.default\">\n\t\t\t\t<div class=\"elementor-widget-container\">\n\t\t\t<h2 class=\"elementor-heading-title elementor-size-default\">\u00bfD\u00f3nde estamos?<\/h2>\t\t<\/div>\n\t\t\t\t<\/div>\n\t\t\t\t<div class=\"elementor-element elementor-element-d5759c2 elementor-widget elementor-widget-google_maps\" data-id=\"d5759c2\" data-element_type=\"widget\" data-widget_type=\"google_maps.default\">\n\t\t\t\t<div class=\"elementor-widget-container\">\n\t\t\t\t\t<div class=\"elementor-custom-embed\">\n\t\t\t<iframe loading=\"lazy\"\n\t\t\t\t\tsrc=\"https:\/\/maps.google.com\/maps?q=Colegio%20paderborn%20lezkairu&#038;t=m&#038;z=15&#038;output=embed&#038;iwloc=near\"\n\t\t\t\t\ttitle=\"Colegio paderborn lezkairu\"\n\t\t\t\t\taria-label=\"Colegio paderborn lezkairu\"\n\t\t\t><\/iframe>\n\t\t<\/div>\n\t\t\t\t<\/div>\n\t\t\t\t<\/div>\n\t\t\t\t\t<\/div>\n\t\t<\/div>\n\t\t\t\t\t\t\t<\/div>\n\t\t<\/section>\n\t\t\t\t<section class=\"elementor-section elementor-top-section elementor-element elementor-element-bd3e2a3 elementor-section-boxed elementor-section-height-default elementor-section-height-default\" data-id=\"bd3e2a3\" data-element_type=\"section\">\n\t\t\t\t\t\t<div class=\"elementor-container elementor-column-gap-default\">\n\t\t\t\t\t<div class=\"elementor-column elementor-col-100 elementor-top-column elementor-element elementor-element-4983eea\" data-id=\"4983eea\" data-element_type=\"column\">\n\t\t\t<div class=\"elementor-widget-wrap\">\n\t\t\t\t\t\t\t\t\t<\/div>\n\t\t<\/div>\n\t\t\t\t\t\t\t<\/div>\n\t\t<\/section>\n\t\t\t\t\t\t\t<\/div>\n\t\t","protected":false},"excerpt":{"rendered":"<p>Jornadas de puertas abiertas para el pr\u00f3ximo curso \u00bfCu\u00e1ndo se van a celebrar y d\u00f3nde me inscribo? Mi\u00e9rcoles, 4 de febrero de 2026, a las 17:00 horas Modelo D Jueves, 5 de febrero de 2026, a las 17:00 horas Modelo G-PAL En las fechas y horas indicadas arriba, nuestro centro celebrar\u00e1 sesiones de puertas abiertas [&hellip;]<\/p>\n","protected":false},"author":3,"featured_media":0,"parent":2,"menu_order":0,"comment_status":"open","ping_status":"closed","template":"elementor_header_footer","meta":{"_genesis_hide_title":true,"_genesis_hide_breadcrumbs":false,"_genesis_hide_singular_image":false,"_genesis_hide_footer_widgets":false,"_genesis_custom_body_class":"","_genesis_custom_post_class":"","_genesis_layout":"","jetpack_post_was_ever_published":false,"footnotes":""},"jetpack_sharing_enabled":false,"jetpack_likes_enabled":false,"_links":{"self":[{"href":"https:\/\/cppaderborn.educacion.navarra.es\/web\/wp-json\/wp\/v2\/pages\/7336"}],"collection":[{"href":"https:\/\/cppaderborn.educacion.navarra.es\/web\/wp-json\/wp\/v2\/pages"}],"about":[{"href":"https:\/\/cppaderborn.educacion.navarra.es\/web\/wp-json\/wp\/v2\/types\/page"}],"author":[{"embeddable":true,"href":"https:\/\/cppaderborn.educacion.navarra.es\/web\/wp-json\/wp\/v2\/users\/3"}],"replies":[{"embeddable":true,"href":"https:\/\/cppaderborn.educacion.navarra.es\/web\/wp-json\/wp\/v2\/comments?post=7336"}],"version-history":[{"count":25,"href":"https:\/\/cppaderborn.educacion.navarra.es\/web\/wp-json\/wp\/v2\/pages\/7336\/revisions"}],"predecessor-version":[{"id":7376,"href":"https:\/\/cppaderborn.educacion.navarra.es\/web\/wp-json\/wp\/v2\/pages\/7336\/revisions\/7376"}],"up":[{"embeddable":true,"href":"https:\/\/cppaderborn.educacion.navarra.es\/web\/wp-json\/wp\/v2\/pages\/2"}],"wp:attachment":[{"href":"https:\/\/cppaderborn.educacion.navarra.es\/web\/wp-json\/wp\/v2\/media?parent=7336"}],"curies":[{"name":"wp","href":"https:\/\/api.w.org\/{rel}","templated":true}]}}